e 0 = -3*v + 23 - x. What is the units digit of v?
6
Suppose -8*y = -0*y - 1064. What is the hundreds digit of y?
1
Suppose -4*v - 2*b + 20 = 0, -2*v + 4*b - 7 = v. Let n(c) = 0 + v*c + 2*c**2 - 2 - c. What is the units digit of n(-2)?
2
Let i(w) = 3*w - 1. Let r be i(1). Suppose g - 7 = -r. What is the units digit of g?
5
Suppose -2*t + 128 = -0*t. What is the units digit of t?
4
Suppose 4*u = 4*l + 42 + 6, 0 = -5*u - 2*l + 25. What is the units digit of u?
7
Let s be (2/4)/(2/8). What is the units digit of s + 0 + 11 - 1?
2
Let j be (-3 + 32)/1*-1. Let w = j - -55. What is the tens digit of w?
2
Let k(c) = c**2 - 3*c - 3. Let i be k(6). Suppose -z = -0 - i. What is the units digit of z?
5
Suppose -2*g - h + 237 = -4*h, -h = -g + 120. What is the tens digit of g?
2
Suppose 497 = 4*m - 3*p, -m - 3*p + 121 = -7*p. What is the units digit of m?
5
Suppose 0 = -3*w + 4*j + 45, 4*w + 13 = 2*j + 63. Suppose -2*c = -4*g - 43 + w, -3*g + 132 = 5*c. What is the units digit of c?
4
Suppose 5*k + 0*k = 375. What is the units digit of k?
5
Let d(z) = -z**2 + z + 16. Let w be d(0). What is the units digit of (-6)/4*w/(-12)?
2
Suppose -16 - 17 = -3*t. Let a = t + -9. What is the units digit of a?
2
Let i = 6 - 5. What is the units digit of 2 - 4*(-2 + i)?
6
Suppose 0 = -5*x + 555 + 65. What is the hundreds digit of x?
1
Let v = -3 - -4. Suppose 0 = i - v - 12. What is the tens digit of i?
1
Let q = 394 + -279. What is the hundreds digit of q?
1
Let q(r) = -2 + 0*r - 2 + r**2 - 10*r - 2*r**2. Let i be q(-10). Let j = -2 - i. What is the units digit of j?
2
Let q(y) = y**3 + 18*y**2 - 5*y - 3. What is the units digit of q(-18)?
7
Let c = -1 - -3. Suppose -c*p + 20 = -6. What is the units digit of p?
3
Suppose 2*l = 3*l - 1, -5*v + 23 = 3*l. Let q(c) = -c**2 + 6*c + 4. What is the tens digit of q(v)?
1
Suppose o - 3*o = 5*z - 16, 3*o = 5*z - 1. Suppose 20 = -4*v, 0*j = z*j - 3*v + 3. Let s = j - -26. What is the tens digit of s?
1
Let q = -6 - -9. Suppose -5*t = -q*t - 6. What is the units digit of t?
3
Suppose -2*z = -7*p + 2*p + 42, -27 = -3*p + 3*z. Let w = 5 - p. What is the units digit of w*(-1)/3*7?
7
Let s = -1 - -5. Suppose n = -s*n + 20. What is the units digit of n/3 + (-6)/(-9)?
2
Suppose 0 = 3*s - 16 + 58. Let r(k) = k**3 - 6*k**2 + 3*k + 2. Let h be r(5). Let c = h - s. What is the units digit of c?
6
Let i(l) = -l + 3. Let d be i(0). Let t be (-4)/(-1 + d) + 2. Suppose -2*w = 3*n - 17, -w - 5 = -t*w. What is the units digit of n?
9
Let s(c) = -c**2 + 12*c - 5. Let k be s(12). Let j = 17 + k. What is the units digit of j?
2
Suppose -4*r + 188 = -0*r. What is the units digit of r?
7
Let v = -10 - -14. Suppose -z - 51 = -v*z. What is the units digit of z?
7
Suppose -2*f = -2*k - 12, k - 3*k = -4*f + 20. Suppose 5*s - 1 = -f*r, 4*s + r = -0*s + 3. What is the units digit of s/((-3)/27*-1)?
9
Suppose -2*h = 5*g - 192, -h + 3*g + 139 = 21. What is the hundreds digit of h?
1
Let f(t) = -t**3 - 11*t**2 - 12*t - 12. Let q be f(-9). Let v = q - -119. Suppose 4*c - v = 5*i, 4*i + 45 = 5*c + 2*i. What is the units digit of c?
7
Suppose -3 = z, 0*s + 3*s - z - 33 = 0. Let l be -1*(0 + -9) + 2. Let o = l - s. What is the units digit of o?
1
Let h(v) = v**3 - 9*v**2 + v + 5. Let q(z) = -3*z**3 + 27*z**2 - 4*z - 15. Let w(p) = 8*h(p) + 3*q(p). What is the tens digit of w(8)?
2
Let l = -6 - -4. Let f be (l + 9)/(2 + -3). Let m(s) = -s**3 - 6*s**2 + 6*s - 1. What is the units digit of m(f)?
6
Let n(w) = 5*w**2 + 2*w + 17. What is the units digit of n(6)?
9
Let t be (0 - -3) + 4/4. Suppose 5*m = t*f - 125, 5 = -3*m - 2*m. What is the tens digit of f?
3
Let p = 11 + 22. Suppose 0 = -4*k + 133 - p. What is the units digit of k?
5
Let o(u) = 6*u**2 - u. Let h be o(-1). Let x(l) = -l + 6*l**2 + l + l + h - l**3. What is the tens digit of x(6)?
1
Suppose 2*k - 4*l = 106, 178 = 5*k + 4*l - 157. What is the tens digit of k?
6
Let i(x) = x**3 + 10*x**2 + 10*x + 4. Let f be i(-9). Let k = f + 4. Let q = 3 - k. What is the units digit of q?
4
Suppose i + 3*q + 20 = 0, -5*i = -i + q + 47. Let v(w) = -3*w**3 + 2*w**2 + 6*w + 4. Let d be v(-2). Let k = d + i. What is the units digit of k?
3
What is the units digit of -6 + (-225)/(-35) - (-64)/14?
5
Let m(a) = a**3 - 3*a**2 + a - 7. What is the tens digit of m(6)?
0
Let m = 2 - 1. What is the units digit of 1 + m - (4 - 4)?
2
Suppose 4*c - 4*v - 34 = 3*c, -3*v - 9 = 0. Let g be (c - 5)*(-4)/(-1). Suppose 3*l = 4*z - l - g, 16 = 4*l. What is the units digit of z?
1
Let p = 4 + 0. What is the units digit of p?
4
Let i(j) = 18*j**2 - j - 4. What is the tens digit of i(-4)?
8
Let i be ((-2)/6)/((-3)/18). Suppose 95 = i*n - 57. Suppose -q - 4*l + 25 = 0, 2*l = -4*q - 2*l + n. What is the tens digit of q?
1
Suppose -8*h - 925 = -2749. What is the hundreds digit of h?
2
Let v(t) = t**2 - 8*t - 6. What is the tens digit of v(-6)?
7
Suppose y - 2*s - 101 = 0, -3*s + 296 = 3*y - 2*s. What is the tens digit of y?
9
Let t be 5 - -122 - (1 + -4). Suppose 0 = -5*r - 0*r + t. What is the tens digit of r?
2
Suppose 0*r + 3*r + 27 = 0. Let i = r - -21. What is the tens digit of i?
1
Let i(a) be the first derivative of -a**2/2 + a - 2. Suppose -5*t = -0*l + 3*l + 6, -l + 3*t - 2 = 0. What is the units digit of i(l)?
3
What is the units digit of 14/10 - 12/30?
1
What is the units digit of 71 + 8/(-4) + -2?
7
Suppose -2*t = -12 + 2. Let k = t - 2. Suppose -d + 1 = -k. What is the units digit of d?
4
Let k be 1/(2*(-1)/(-2)). Let m(n) = 2 + 8*n**2 - k - 2. What is the units digit of m(-1)?
7
Suppose 5*k = -15 - 35. What is the tens digit of 4/6*(-195)/k?
1
Suppose -85 = i - 289. What is the units digit of i?
4
Let f(m) = m**2 - 11*m + 13. Let r be f(10). Let p = -7 - -5. What is the units digit of (6/p)/r*-3?
3
Suppose 4*y = -5*m - 10, 5*y + 20 = -2*m - 1. Suppose -m + 6 = 2*u. What is the units digit of u?
2
Suppose -5*c + 0*r - 4*r = -13, 3*c + 4*r - 3 = 0. Suppose t - 6 = 1. Suppose -5*z + 4 = 2*y, -c*z - y + 0*y = -t. What is the units digit of z?
2
Suppose -2 = -2*u + u. Suppose 0 = -4*n - 12, u*h + n = -0*n + 5. Let j = h - 1. What is the units digit of j?
3
Let t(l) = -2*l**3 + l**2 + 3*l + 1. What is the units digit of t(-3)?
5
Let l(k) = -k**3 + 6*k**2 + 3*k + 5. Let a be l(7). What is the units digit of 8/(-8)*(a - 1)?
4
Let p = 96 + -32. What is the units digit of p?
4
Let r(s) = s + 24. What is the units digit of r(-14)?
0
What is the units digit of -147*3*1/(-3)?
7
Let y = -308 - -446. What is the hundreds digit of y?
1
Suppose -2*f = -5*f + 18. Suppose -4*t + 0*t - 5*i = 48, -5*i = -2*t + f. Let o = t + 10. What is the units digit of o?
3
Let f(d) = d**3 + d + 2. Let l be f(0). Suppose u = 4*w + 11, 0*u - 4*w = l*u - 22. What is the tens digit of u?
1
Suppose 3*z = 5*x - 78, -3*z - 18 = -3*x + 24. What is the units digit of x?
8
Suppose -25 = -5*x, -3*c = -5*x - 46 - 28. What is the units digit of c?
3
Let l = -235 - -407. What is the tens digit of l?
7
What is the tens digit of (-3 - -2)*-2 - -31?
3
Let k be ((-4)/3)/(2/(-51)). Suppose -d + k = d. What is the tens digit of d?
1
What is the units digit of 5/(-3*(-25)/30)?
2
Suppose -4*q - 7*b + 24 = -2*b, 0 = q - 3*b + 11. What is the units digit of q?
1
Suppose 5*i - 84 = i. Suppose 2*x = x + i. What is the tens digit of x?
2
Suppose -4*f + 10 = -5*v, 0*v - 8 = 4*v + 3*f. Let s be v*(-3)/(-3) + 6. Suppose 3*g + g = s. What is the units digit of g?
1
Let r(g) = g**3 + 9*g**2 - 11*g - 5. Let j be r(-10). Suppose -j*i = -64 - 16. Suppose 0*p - p + i = 0. What is the units digit of p?
6
Let g(o) = -o**2 - 13*o - 9. Let f be g(-8). Let z = 46 - f. What is the tens digit of z?
1
Suppose -7*j - 86 = -8*j. What is the units digit of j?
6
Let y(f) = f**3 + 14. Let b be y(0). Suppose 3*i - b = -2. Let d(r) = r**3 - 4*r**2 + 2*r + 1. What is the units digit of d(i)?
9
Suppose 3*p + 10 = 5*c - 0*p, 0 = -p. Let z(t) = -4*t + 3. Let n be z(c). Let f = 10 + n. What is the units digit of f?
5
Let s be ((-4)/(-6))/(1/57). Let x = -65 + s. What is the units digit of (-65)/(-9) - (-6)/x?
7
Let s(n) = -5*n + 1. What is the units digit of s(-3)?
6
Let w = -249 - -487. What is the tens digit of w?
3
What is the tens digit of 17 + 251 - -2*1?
7
Let d = 8 + -8. Suppose 9*i - 4*i - 15 = d. Suppose -7*k +